5. Suppose l*t = 1 + 9. List the prime factors of 12/4 - (-6)/t.
2, 3
Suppose 0 = 4*y - 5*b - 131, 2*y + b - 105 + 22 = 0. List the prime factors of y.
3, 13
Suppose -4*k + 30 = k. Let t = k - 10. List the prime factors of (t/3)/(2/(-15)).
2, 5
Suppose 28 = -2*c - 0*c. Let z = 22 + c. Let s = z + -5. List the prime factors of s.
3
Suppose -4*h + 11 = -5. Suppose -10 = m + h*m. List the prime factors of m*(0 - (0 + 1)).
2
Suppose -x = -4*x + 9. Suppose -1 = -2*w + o, 2*o = 4*w - 3*w - 8. What are the prime factors of x + (0/w)/3?
3
Suppose -10 = -3*u - 4*z, 0 = 2*u - u + 2*z. Let p = -6 + u. Suppose -3*h + 21 = -3*r, 5*h - 15 = -p*r + 5*r. List the prime factors of h.
2
Suppose 1061 = 4*w + 321. What are the prime factors of w?
5, 37
Let q(f) = f**3 + 4*f**2 + f + 4. Let h be q(-4). Let r(y) = y**2 + y - 3. Let l be r(2). Suppose l*b - 2*z = z + 63, h = z. What are the prime factors of b?
3, 7
Suppose -4 + 12 = p. Let m = 4 + p. List the prime factors of m.
2, 3
Let s(x) = 5*x**3 - 15*x**2 + 15*x**2 - 2*x + 1. What are the prime factors of s(1)?
2
List the prime factors of ((-4)/(-6))/(2/114).
2, 19
Let p = 67 - 41. Suppose 0 = 4*h - 2*h - p. What are the prime factors of h?
13
Suppose 2*y - 19 + 7 = 0. Suppose y*h - 3*h = 75. What are the prime factors of h?
5
Suppose -s = 2*x - 209, -3*x + 2*s = -3*s - 320. What are the prime factors of x?
3, 5, 7
Suppose -3*c - 28 = -5*c. What are the prime factors of c?
2, 7
Let g = 8 - 8. Let p be (g*(-1)/(-3))/2. Suppose p*o - 4*o + 16 = -2*k, -2*k = -5*o + 22. List the prime factors of o.
2, 3
List the prime factors of (11/3 + -4)*-45.
3, 5
What are the prime factors of (-5508)/(-119) + (-2)/7?
2, 23
Suppose 5*r - 24 + 114 = 0. Let j = r + 34. What are the prime factors of j?
2
Suppose 7*b - 2*b = 10. Let u(l) = 3 - 4 + b*l + 0*l - 3. List the prime factors of u(7).
2, 5
Suppose -t + 0*d - d - 5 = 0, -d - 5 = -t. Suppose 2*k = -t + 10, 0 = 4*j + 4*k - 40. What are the prime factors of j?
5
Suppose -32 = -3*w + w. Suppose -s = s - w. List the prime factors of s.
2
Let h be (-125)/5*6/(-15). List the prime factors of (-2)/h - (-362)/10.
2, 3
Let v be (3/3)/(2/24). Suppose -2*x + v = -s + 3, 10 = 2*x - 2*s. Suppose -z + n + 1 = 0, x*z - 2*n - 18 + 8 = 0. What are the prime factors of z?
2
Let l = 3 - 0. Suppose -2 - 1 = j, -15 = -k - l*j. List the prime factors of k.
2, 3
Let i(r) = 3*r**3 + 2*r**2 - 1. Let c be i(1). Suppose t - 10 = -c*t. List the prime factors of -3*(t - 4) + 2.
2
Let k(o) be the first derivative of -o**4/2 - 2*o**3/3 - 3*o**2/2 - o - 1. What are the prime factors of k(-2)?
13
Let n be 51/12 + (-1)/4. Suppose -14 + 6 = -n*v. Suppose 18 = 5*d - 2*p - 2, -4*p + 8 = -v*d. List the prime factors of d.
2, 3
Let f be 2/(-3) - 22/(-6). Let k(s) = -2*s + 3*s**2 + 3 - 3 + f. What are the prime factors of k(2)?
11
Let w be (3 - 1)*(-204)/8. Let u = w - -75. What are the prime factors of u?
2, 3
Suppose -43 - 25 = -f. List the prime factors of f.
2, 17
Let o be (-14)/(-6) + 3/(-9). Suppose 18 = o*f + f. Suppose -4*q - f = 5*r - 38, 4*r - 30 = -q. What are the prime factors of r?
2
Let v = 28 - -16. Let i = -28 + v. List the prime factors of i.
2
Let h = 7 - -17. Let g be (-24)/2 - (4 - 2). Let j = g + h. What are the prime factors of j?
2, 5
Let f(t) = t - 16. Let i be f(7). Let r = 10 + i. Let a(j) = 22*j**3 + j**2 - 1. What are the prime factors of a(r)?
2, 11
Let k(g) = g**2 + 11*g - 9. Suppose -2*a = 2*q + 22, -3*q = -0*q - 4*a + 33. Let i be k(q). Let b = i - -23. List the prime factors of b.
2, 7
Suppose 0 = 4*p + h + 263, 2*p - 345 = 7*p - 2*h. Let o = -38 - p. List the prime factors of o.
29
Let d = 276 - 81. Suppose -k = -3*z - 134, 5*z + 0*k = -4*k - d. Let h = -31 - z. List the prime factors of h.
2, 3
Let j(p) = p**2 + 10*p - 9. Let a be j(-11). What are the prime factors of (3/a)/(1/10)?
3, 5
Suppose -2*q = 4*p + 317 + 493, -4*q - 605 = 3*p. What are the prime factors of (2 + -1)/((-7)/p)?
29
Let t(h) = -h**2 - 2*h + 3. Let l be t(-3). Let g(n) = 13*n + 1. Let c be g(1). Suppose -c = -2*q - l. What are the prime factors of q?
7
Let r be 3 - 3*(6 + -1). What are the prime factors of (-63)/(-12) + 3/r?
5
Let a(n) = 1 - 32*n + 34*n - 1. List the prime factors of a(8).
2
Let k = 8 + -22. Let y = 0 - k. What are the prime factors of y?
2, 7
Let k = -6 + 9. Suppose 0 = -5*f - 2*w + 82, 0*w + 50 = k*f + 2*w. List the prime factors of f.
2
Suppose -n + 4*n = -3*s + 18, 0 = -2*n + 2*s + 4. Suppose 2*t = n*m - 4 - 14, -6 = m + 3*t. Suppose 0 = m*l + 2*l - 40. What are the prime factors of l?
2
Suppose 0 = -0*d + 3*d - 15, 2*d = 3*a - 101. What are the prime factors of a?
37
Suppose 525 = 5*u - 2*m - 1412, -12 = -3*m. List the prime factors of u.
389
Let m = 14 + -36. What are the prime factors of (-1)/(-1 + m/(-23))?
23
Let k = 10 - -14. Suppose -5*l + k = -2*l. What are the prime factors of l?
2
Let h(f) = -10*f - 46. Let a(x) = 7*x + 31. Let j(p) = -7*a(p) - 5*h(p). What are the prime factors of j(-7)?
2, 3
Suppose -5*r + 227 = -28. List the prime factors of r.
3, 17
Let h = 0 - 0. Suppose h*z - 4*z - 2*t + 2 = 0, -4*z - 5*t + 5 = 0. Suppose z = -4*a + 46 - 2. List the prime factors of a.
11
Suppose -4*a = -8*a + 76. What are the prime factors of a?
19
Let l = 555 - 837. List the prime factors of l/(-18) - (-2)/(-3).
3, 5
Let a(g) = g**2 + 8. List the prime factors of a(-6).
2, 11
Let z = 0 + 14. Suppose 5*g - 34 = u, 3*g + 3*u = 38 - z. What are the prime factors of g?
7
Let t(f) = -f**3 - 12*f**2 - 11*f + 26. List the prime factors of t(-11).
2, 13
Suppose 5*q - 163 = 4*r, -4*q = -3*r + q - 116. Let a = -4 - r. What are the prime factors of a?
43
Let p(w) = -w**3 + 4*w**2 - 3*w + 4. Let u be p(3). Suppose -4*q - q = u*l + 60, 3*q + 39 = -3*l. List the prime factors of (-26)/q - (-9)/12.
2
Let d(q) = q**2 + q - 4. Let k be d(-3). Suppose -k*u = -7 - 19. List the prime factors of u.
13
Suppose -x - 4 = -2*x - 3*n, 3*n = -5*x + 20. List the prime factors of x.
2
Suppose 3*v - 75 = -2*q, 4*q = v + v + 158. What are the prime factors of q?
3, 13
Let s be (-1 + (14/6 - 1))*12. Suppose -5*q + 15 = -0*q. Suppose 0 = i + 3*i - s, 9 = b + q*i. List the prime factors of b.
2, 3
Let y(h) = h**3 + 6*h**2 - 5. Let m be y(-5). Suppose 0 = -3*v - v + m. Suppose a - 4*a + 4*o + 17 = 0, 2*a + v*o + 4 = 0. List the prime factors of a.
3
Let t(l) be the first derivative of -l**4/4 + 2*l**3 + 11*l**2/2 - 8*l - 1. What are the prime factors of t(7)?
2, 5
Let m = 493 - 350. List the prime factors of m.
11, 13
Let j(d) = -d - 5. Let c be j(-8). Suppose -23 = -5*v + u, v + 0*u = c*u - 1. Suppose -2*l + 2*i = 2*l - 28, -v*l + i + 41 = 0. List the prime factors of l.
3
Let t(w) = -w - 26. Let p(o) = 2*o + 27. Let d(j) = 5*p(j) + 6*t(j). Let b(i) = 2*i - 10. Let m(x) = 7*b(x) - 3*d(x). List the prime factors of m(9).
11
List the prime factors of 3198/91 + 2/(-14).
5, 7
Suppose 3*q + 20 = 7*q. Let i = q - 4. Let g = i - -7. What are the prime factors of g?
2
Let o(j) = j**3 + 12*j**2 + 14*j + 12. List the prime factors of o(-10).
2, 3
Suppose 2*z + 40 = 2*q, 31 = -4*q + 3*z + 106. List the prime factors of q.
3, 5
Suppose -2*s - 3*s + 239 = h, 4*h - 16 = 0. What are the prime factors of s?
47
Let y(x) = 14*x - 28. What are the prime factors of y(7)?
2, 5, 7
Suppose 3*l = 5*l. Suppose l = k - 2*k + 4. Suppose -b = 5*s - 27, -k*s + 3 = 2*b - 27. What are the prime factors of b?
7
Let r be (-2)/(24/14 - 2). Suppose -2*p + 14 = 4*x - 8, -2*p + r = -x. List the prime factors of x.
3
Suppose 4*n + 7*o - 12 = 2*o, -4*n = -5*o - 12. Let q(p) = p**2 + 2*p - 2. List the prime factors of q(n).
13
Let f(r) = r**3 - r**3 - 5*r + r**3 + 4 - r**2. Let p(k) = k**2 + 3*k + 3. Let i be p(-3). List the prime factors of f(i).
7
Suppose -4*s + 12 = -128. Let r = -20 + s. List the prime factors of r.
3, 5
Let y(x) = 7*x - 1. Let t(s) = 28*s - 4. Let u(q) = 2*t(q) - 9*y(q). Let o be u(-1). Let w = o + -6. List the prime factors of w.
2
List the prime factors of 8/48 - 719/(-6).
2, 3, 5
Suppose 6*s = 5*s. Suppose 0*b - 2*b + 6 = s. List the prime factors of (b - 15/9)*3.
2
Let n(s) = -s - 6. Let l be n(-8). Suppose b + l*b = 75. What are the prime factors of b?
5
Suppose -11*f - 3 = -12*f. Suppose -f*a + 33 = -57. List the prime factors o